{"id":12,"date":"2022-03-23T02:30:52","date_gmt":"2022-03-23T02:30:52","guid":{"rendered":"https:\/\/borkgroup.cl\/?page_id=12"},"modified":"2024-11-05T15:14:03","modified_gmt":"2024-11-05T15:14:03","slug":"servicios","status":"publish","type":"page","link":"https:\/\/borkgroup.cl\/index.php\/servicios\/","title":{"rendered":"Construcci\u00f3n"},"content":{"rendered":"\n<p>En BorkGroup, estamos comprometidos con la excelencia en la construcci\u00f3n. Nuestro equipo de profesionales altamente capacitados se dedica a desarrollar proyectos que no solo cumplen con los est\u00e1ndares m\u00e1s altos de calidad, sino que tambi\u00e9n est\u00e1n alineados con las necesidades y expectativas de nuestros clientes. Desde viviendas unifamiliares hasta proyectos comerciales, cada obra es una oportunidad para transformar espacios y mejorar la calidad de vida de las personas.<\/p>\n\n\n\n<hr class=\"wp-block-separator has-alpha-channel-opacity is-style-wide\"\/>\n\n\n\n<h2 class=\"wp-block-heading\">Servicios:<\/h2>\n\n\n\n<p><strong>Construcci\u00f3n de Viviendas <\/strong><\/p>\n\n\n\n<div class=\"wp-block-media-text has-media-on-the-right is-stacked-on-mobile\"><div class=\"wp-block-media-text__content\">\n<p>Nos especializamos en la construcci\u00f3n de viviendas personalizadas, dise\u00f1adas para adaptarse a tus necesidades y estilo de vida. Desde casas unifamiliares hasta conjuntos habitacionales, nuestro enfoque se centra en la calidad, la funcionalidad y el bienestar de sus habitantes.<\/p>\n<\/div><figure class=\"wp-block-media-text__media\"><img loading=\"lazy\" decoding=\"async\" width=\"1024\" height=\"683\" src=\"https:\/\/borkgroup.cl\/wp-content\/uploads\/2024\/11\/r-architecture-Y8MJFQYYjh8-unsplash-1-1024x683.jpg\" alt=\"\" class=\"wp-image-722 size-full\" srcset=\"https:\/\/borkgroup.cl\/wp-content\/uploads\/2024\/11\/r-architecture-Y8MJFQYYjh8-unsplash-1-1024x683.jpg 1024w, https:\/\/borkgroup.cl\/wp-content\/uploads\/2024\/11\/r-architecture-Y8MJFQYYjh8-unsplash-1-300x200.jpg 300w, https:\/\/borkgroup.cl\/wp-content\/uploads\/2024\/11\/r-architecture-Y8MJFQYYjh8-unsplash-1-768x512.jpg 768w, https:\/\/borkgroup.cl\/wp-content\/uploads\/2024\/11\/r-architecture-Y8MJFQYYjh8-unsplash-1-1536x1024.jpg 1536w, https:\/\/borkgroup.cl\/wp-content\/uploads\/2024\/11\/r-architecture-Y8MJFQYYjh8-unsplash-1-2048x1365.jpg 2048w\" sizes=\"auto, (max-width: 1024px) 100vw, 1024px\" \/><\/figure><\/div>\n\n\n\n<hr class=\"wp-block-separator has-alpha-channel-opacity is-style-wide\"\/>\n\n\n\n<p>Remodelaciones<\/p>\n\n\n\n<div class=\"wp-block-media-text is-stacked-on-mobile\" style=\"grid-template-columns:25% auto\"><figure class=\"wp-block-media-text__media\"><img loading=\"lazy\" decoding=\"async\" width=\"683\" height=\"1024\" src=\"https:\/\/borkgroup.cl\/wp-content\/uploads\/2024\/11\/curology-ycEKahEaO5U-unsplash-1-683x1024.jpg\" alt=\"\" class=\"wp-image-720 size-full\" srcset=\"https:\/\/borkgroup.cl\/wp-content\/uploads\/2024\/11\/curology-ycEKahEaO5U-unsplash-1-683x1024.jpg 683w, https:\/\/borkgroup.cl\/wp-content\/uploads\/2024\/11\/curology-ycEKahEaO5U-unsplash-1-200x300.jpg 200w, https:\/\/borkgroup.cl\/wp-content\/uploads\/2024\/11\/curology-ycEKahEaO5U-unsplash-1-768x1152.jpg 768w, https:\/\/borkgroup.cl\/wp-content\/uploads\/2024\/11\/curology-ycEKahEaO5U-unsplash-1-1024x1536.jpg 1024w, https:\/\/borkgroup.cl\/wp-content\/uploads\/2024\/11\/curology-ycEKahEaO5U-unsplash-1-1365x2048.jpg 1365w, https:\/\/borkgroup.cl\/wp-content\/uploads\/2024\/11\/curology-ycEKahEaO5U-unsplash-1-scaled.jpg 1707w\" sizes=\"auto, (max-width: 683px) 100vw, 683px\" \/><\/figure><div class=\"wp-block-media-text__content\">\n<p>Transformamos y actualizamos espacios existentes, adapt\u00e1ndolos a nuevos estilos y necesidades. Ya sea que desees renovar tu hogar o modernizar un espacio comercial, nuestras remodelaciones se realizan con atenci\u00f3n al detalle y un enfoque en la funcionalidad.<\/p>\n<\/div><\/div>\n\n\n\n<hr class=\"wp-block-separator has-alpha-channel-opacity is-style-wide\"\/>\n\n\n\n<p><strong>Proyectos El\u00e9ctricos<\/strong><\/p>\n\n\n\n<div class=\"wp-block-media-text has-media-on-the-right is-stacked-on-mobile\" style=\"grid-template-columns:auto 43%\"><div class=\"wp-block-media-text__content\">\n<p>Ofrecemos servicios especializados en proyectos el\u00e9ctricos y regularizaci\u00f3n el\u00e9ctrica, asegurando que todas las instalaciones cumplan con los est\u00e1ndares de seguridad y eficiencia. Elaboramos planos el\u00e9ctricos detallados para certificaci\u00f3n y realizamos el proceso completo de regularizaci\u00f3n, entregando un certificado el\u00e9ctrico oficial que respalda la calidad y seguridad de su instalaci\u00f3n. Conf\u00ede en nosotros para un servicio profesional y seguro.<\/p>\n<\/div><figure class=\"wp-block-media-text__media\"><img loading=\"lazy\" decoding=\"async\" width=\"951\" height=\"1024\" src=\"https:\/\/borkgroup.cl\/wp-content\/uploads\/2024\/11\/Publicidad-Diaria-168-951x1024.jpg\" alt=\"\" class=\"wp-image-724 size-full\" srcset=\"https:\/\/borkgroup.cl\/wp-content\/uploads\/2024\/11\/Publicidad-Diaria-168-951x1024.jpg 951w, https:\/\/borkgroup.cl\/wp-content\/uploads\/2024\/11\/Publicidad-Diaria-168-278x300.jpg 278w, https:\/\/borkgroup.cl\/wp-content\/uploads\/2024\/11\/Publicidad-Diaria-168-768x827.jpg 768w, https:\/\/borkgroup.cl\/wp-content\/uploads\/2024\/11\/Publicidad-Diaria-168.jpg 1023w\" sizes=\"auto, (max-width: 951px) 100vw, 951px\" \/><\/figure><\/div>\n\n\n\n<hr class=\"wp-block-separator has-alpha-channel-opacity is-style-wide\"\/>\n\n\n\n<p><strong>Proyectos de Agua Potable y Alcantarillado<\/strong><\/p>\n\n\n\n<div class=\"wp-block-media-text is-stacked-on-mobile\" style=\"grid-template-columns:45% auto\"><figure class=\"wp-block-media-text__media\"><img loading=\"lazy\" decoding=\"async\" width=\"768\" height=\"1024\" src=\"https:\/\/borkgroup.cl\/wp-content\/uploads\/2024\/11\/IMG_20221228_201546-768x1024.jpg\" alt=\"\" class=\"wp-image-725 size-full\" srcset=\"https:\/\/borkgroup.cl\/wp-content\/uploads\/2024\/11\/IMG_20221228_201546-768x1024.jpg 768w, https:\/\/borkgroup.cl\/wp-content\/uploads\/2024\/11\/IMG_20221228_201546-225x300.jpg 225w, https:\/\/borkgroup.cl\/wp-content\/uploads\/2024\/11\/IMG_20221228_201546-1152x1536.jpg 1152w, https:\/\/borkgroup.cl\/wp-content\/uploads\/2024\/11\/IMG_20221228_201546-1536x2048.jpg 1536w, https:\/\/borkgroup.cl\/wp-content\/uploads\/2024\/11\/IMG_20221228_201546-scaled.jpg 1920w\" sizes=\"auto, (max-width: 768px) 100vw, 768px\" \/><\/figure><div class=\"wp-block-media-text__content\">\n<p>Realizamos proyectos de agua potable con conexi\u00f3n a empresas sanitarias o cooperativas, incluyendo la instalaci\u00f3n de estanques y sistemas hidropack de alta eficiencia. Tambi\u00e9n desarrollamos proyectos de alcantarillado p\u00fablico o particular. Ofrecemos soluciones integrales para la instalaci\u00f3n y mantenimiento de estos sistemas, garantizando un servicio de alta calidad que cumple con las normativas ambientales y de seguridad. Conf\u00ede en nuestra experiencia para asegurar la \u00f3ptima funcionalidad de sus redes de agua y alcantarillado.<\/p>\n<\/div><\/div>\n\n\n\n<hr class=\"wp-block-separator has-alpha-channel-opacity is-style-wide\"\/>\n\n\n\n<p>Contamos con un equipo de profesionales altamente capacitados, incluyendo arquitectos, ingenieros y top\u00f3grafos, que trabajan en conjunto para desarrollar proyectos que maximizan la funcionalidad, eficiencia y est\u00e9tica de cada espacio. Desde la planificaci\u00f3n hasta la ejecuci\u00f3n, nuestro enfoque integral garantiza resultados de alta calidad, alineados con las necesidades y expectativas de nuestros clientes.<\/p>\n\n\n\n<hr class=\"wp-block-separator has-alpha-channel-opacity is-style-wide\"\/>\n\n\n\n<p><strong>Galer\u00eda<\/strong><\/p>\n\n\n\n<figure class=\"wp-block-gallery has-nested-images columns-default is-cropped wp-block-gallery-1 is-layout-flex wp-block-gallery-is-layout-flex\">\n<figure class=\"wp-block-image size-large\"><img loading=\"lazy\" decoding=\"async\" width=\"1024\" height=\"768\" data-id=\"731\" src=\"https:\/\/borkgroup.cl\/wp-content\/uploads\/2024\/11\/IMG_20210324_125052-1024x768.jpg\" alt=\"\" class=\"wp-image-731\" srcset=\"https:\/\/borkgroup.cl\/wp-content\/uploads\/2024\/11\/IMG_20210324_125052-1024x768.jpg 1024w, https:\/\/borkgroup.cl\/wp-content\/uploads\/2024\/11\/IMG_20210324_125052-300x225.jpg 300w, https:\/\/borkgroup.cl\/wp-content\/uploads\/2024\/11\/IMG_20210324_125052-768x576.jpg 768w, https:\/\/borkgroup.cl\/wp-content\/uploads\/2024\/11\/IMG_20210324_125052-1536x1152.jpg 1536w, https:\/\/borkgroup.cl\/wp-content\/uploads\/2024\/11\/IMG_20210324_125052-2048x1536.jpg 2048w\" sizes=\"auto, (max-width: 1024px) 100vw, 1024px\" \/><\/figure>\n\n\n\n<figure class=\"wp-block-image size-large\"><img loading=\"lazy\" decoding=\"async\" width=\"1024\" height=\"768\" data-id=\"730\" src=\"https:\/\/borkgroup.cl\/wp-content\/uploads\/2024\/11\/IMG_20210324_165744-1024x768.jpg\" alt=\"\" class=\"wp-image-730\" srcset=\"https:\/\/borkgroup.cl\/wp-content\/uploads\/2024\/11\/IMG_20210324_165744-1024x768.jpg 1024w, https:\/\/borkgroup.cl\/wp-content\/uploads\/2024\/11\/IMG_20210324_165744-300x225.jpg 300w, https:\/\/borkgroup.cl\/wp-content\/uploads\/2024\/11\/IMG_20210324_165744-768x576.jpg 768w, https:\/\/borkgroup.cl\/wp-content\/uploads\/2024\/11\/IMG_20210324_165744-1536x1152.jpg 1536w, https:\/\/borkgroup.cl\/wp-content\/uploads\/2024\/11\/IMG_20210324_165744-2048x1536.jpg 2048w\" sizes=\"auto, (max-width: 1024px) 100vw, 1024px\" \/><\/figure>\n\n\n\n<figure class=\"wp-block-image size-large\"><img loading=\"lazy\" decoding=\"async\" width=\"1024\" height=\"768\" data-id=\"727\" src=\"https:\/\/borkgroup.cl\/wp-content\/uploads\/2024\/11\/IMG_20210810_112803-1024x768.jpg\" alt=\"\" class=\"wp-image-727\" srcset=\"https:\/\/borkgroup.cl\/wp-content\/uploads\/2024\/11\/IMG_20210810_112803-1024x768.jpg 1024w, https:\/\/borkgroup.cl\/wp-content\/uploads\/2024\/11\/IMG_20210810_112803-300x225.jpg 300w, https:\/\/borkgroup.cl\/wp-content\/uploads\/2024\/11\/IMG_20210810_112803-768x576.jpg 768w, https:\/\/borkgroup.cl\/wp-content\/uploads\/2024\/11\/IMG_20210810_112803-1536x1152.jpg 1536w, https:\/\/borkgroup.cl\/wp-content\/uploads\/2024\/11\/IMG_20210810_112803-2048x1536.jpg 2048w\" sizes=\"auto, (max-width: 1024px) 100vw, 1024px\" \/><\/figure>\n\n\n\n<figure class=\"wp-block-image size-large\"><img loading=\"lazy\" decoding=\"async\" width=\"768\" height=\"1024\" data-id=\"726\" src=\"https:\/\/borkgroup.cl\/wp-content\/uploads\/2024\/11\/IMG_20211108_130405-768x1024.jpg\" alt=\"\" class=\"wp-image-726\" srcset=\"https:\/\/borkgroup.cl\/wp-content\/uploads\/2024\/11\/IMG_20211108_130405-768x1024.jpg 768w, https:\/\/borkgroup.cl\/wp-content\/uploads\/2024\/11\/IMG_20211108_130405-225x300.jpg 225w, https:\/\/borkgroup.cl\/wp-content\/uploads\/2024\/11\/IMG_20211108_130405-1152x1536.jpg 1152w, https:\/\/borkgroup.cl\/wp-content\/uploads\/2024\/11\/IMG_20211108_130405-1536x2048.jpg 1536w, https:\/\/borkgroup.cl\/wp-content\/uploads\/2024\/11\/IMG_20211108_130405-scaled.jpg 1920w\" sizes=\"auto, (max-width: 768px) 100vw, 768px\" \/><\/figure>\n\n\n\n<figure class=\"wp-block-image size-large\"><img loading=\"lazy\" decoding=\"async\" width=\"1024\" height=\"768\" data-id=\"728\" src=\"https:\/\/borkgroup.cl\/wp-content\/uploads\/2024\/11\/IMG_20220708_152452-1024x768.jpg\" alt=\"\" class=\"wp-image-728\" srcset=\"https:\/\/borkgroup.cl\/wp-content\/uploads\/2024\/11\/IMG_20220708_152452-1024x768.jpg 1024w, https:\/\/borkgroup.cl\/wp-content\/uploads\/2024\/11\/IMG_20220708_152452-300x225.jpg 300w, https:\/\/borkgroup.cl\/wp-content\/uploads\/2024\/11\/IMG_20220708_152452-768x576.jpg 768w, https:\/\/borkgroup.cl\/wp-content\/uploads\/2024\/11\/IMG_20220708_152452-1536x1152.jpg 1536w, https:\/\/borkgroup.cl\/wp-content\/uploads\/2024\/11\/IMG_20220708_152452-2048x1536.jpg 2048w\" sizes=\"auto, (max-width: 1024px) 100vw, 1024px\" \/><\/figure>\n\n\n\n<figure class=\"wp-block-image size-large\"><img loading=\"lazy\" decoding=\"async\" width=\"1024\" height=\"768\" data-id=\"729\" src=\"https:\/\/borkgroup.cl\/wp-content\/uploads\/2024\/11\/IMG_20220907_134843-1024x768.jpg\" alt=\"\" class=\"wp-image-729\" srcset=\"https:\/\/borkgroup.cl\/wp-content\/uploads\/2024\/11\/IMG_20220907_134843-1024x768.jpg 1024w, https:\/\/borkgroup.cl\/wp-content\/uploads\/2024\/11\/IMG_20220907_134843-300x225.jpg 300w, https:\/\/borkgroup.cl\/wp-content\/uploads\/2024\/11\/IMG_20220907_134843-768x576.jpg 768w, https:\/\/borkgroup.cl\/wp-content\/uploads\/2024\/11\/IMG_20220907_134843-1536x1152.jpg 1536w, https:\/\/borkgroup.cl\/wp-content\/uploads\/2024\/11\/IMG_20220907_134843-2048x1536.jpg 2048w\" sizes=\"auto, (max-width: 1024px) 100vw, 1024px\" \/><\/figure>\n\n\n\n<figure class=\"wp-block-image size-large\"><img loading=\"lazy\" decoding=\"async\" width=\"768\" height=\"1024\" data-id=\"732\" src=\"https:\/\/borkgroup.cl\/wp-content\/uploads\/2024\/11\/IMG_20221111_105157_1-768x1024.jpg\" alt=\"\" class=\"wp-image-732\" srcset=\"https:\/\/borkgroup.cl\/wp-content\/uploads\/2024\/11\/IMG_20221111_105157_1-768x1024.jpg 768w, https:\/\/borkgroup.cl\/wp-content\/uploads\/2024\/11\/IMG_20221111_105157_1-225x300.jpg 225w, https:\/\/borkgroup.cl\/wp-content\/uploads\/2024\/11\/IMG_20221111_105157_1-1152x1536.jpg 1152w, https:\/\/borkgroup.cl\/wp-content\/uploads\/2024\/11\/IMG_20221111_105157_1-1536x2048.jpg 1536w, https:\/\/borkgroup.cl\/wp-content\/uploads\/2024\/11\/IMG_20221111_105157_1-scaled.jpg 1920w\" sizes=\"auto, (max-width: 768px) 100vw, 768px\" \/><\/figure>\n\n\n\n<figure class=\"wp-block-image size-large\"><img loading=\"lazy\" decoding=\"async\" width=\"768\" height=\"1024\" data-id=\"733\" src=\"https:\/\/borkgroup.cl\/wp-content\/uploads\/2024\/11\/IMG_20221118_182047-copia-768x1024.jpg\" alt=\"\" class=\"wp-image-733\" srcset=\"https:\/\/borkgroup.cl\/wp-content\/uploads\/2024\/11\/IMG_20221118_182047-copia-768x1024.jpg 768w, https:\/\/borkgroup.cl\/wp-content\/uploads\/2024\/11\/IMG_20221118_182047-copia-225x300.jpg 225w, https:\/\/borkgroup.cl\/wp-content\/uploads\/2024\/11\/IMG_20221118_182047-copia-1152x1536.jpg 1152w, https:\/\/borkgroup.cl\/wp-content\/uploads\/2024\/11\/IMG_20221118_182047-copia-1536x2048.jpg 1536w, https:\/\/borkgroup.cl\/wp-content\/uploads\/2024\/11\/IMG_20221118_182047-copia-scaled.jpg 1920w\" sizes=\"auto, (max-width: 768px) 100vw, 768px\" \/><\/figure>\n\n\n\n<figure class=\"wp-block-image size-large\"><img loading=\"lazy\" decoding=\"async\" width=\"768\" height=\"1024\" data-id=\"734\" src=\"https:\/\/borkgroup.cl\/wp-content\/uploads\/2024\/11\/IMG_20221213_123423-copia-768x1024.jpg\" alt=\"\" class=\"wp-image-734\" srcset=\"https:\/\/borkgroup.cl\/wp-content\/uploads\/2024\/11\/IMG_20221213_123423-copia-768x1024.jpg 768w, https:\/\/borkgroup.cl\/wp-content\/uploads\/2024\/11\/IMG_20221213_123423-copia-225x300.jpg 225w, https:\/\/borkgroup.cl\/wp-content\/uploads\/2024\/11\/IMG_20221213_123423-copia-1152x1536.jpg 1152w, https:\/\/borkgroup.cl\/wp-content\/uploads\/2024\/11\/IMG_20221213_123423-copia-1536x2048.jpg 1536w, https:\/\/borkgroup.cl\/wp-content\/uploads\/2024\/11\/IMG_20221213_123423-copia-scaled.jpg 1920w\" sizes=\"auto, (max-width: 768px) 100vw, 768px\" \/><\/figure>\n\n\n\n<figure class=\"wp-block-image size-large\"><img loading=\"lazy\" decoding=\"async\" width=\"1024\" height=\"848\" data-id=\"736\" src=\"https:\/\/borkgroup.cl\/wp-content\/uploads\/2024\/11\/r-architecture-mHJiuZx2b8M-unsplash-1024x848.jpg\" alt=\"\" class=\"wp-image-736\" srcset=\"https:\/\/borkgroup.cl\/wp-content\/uploads\/2024\/11\/r-architecture-mHJiuZx2b8M-unsplash-1024x848.jpg 1024w, https:\/\/borkgroup.cl\/wp-content\/uploads\/2024\/11\/r-architecture-mHJiuZx2b8M-unsplash-300x248.jpg 300w, https:\/\/borkgroup.cl\/wp-content\/uploads\/2024\/11\/r-architecture-mHJiuZx2b8M-unsplash-768x636.jpg 768w, https:\/\/borkgroup.cl\/wp-content\/uploads\/2024\/11\/r-architecture-mHJiuZx2b8M-unsplash-1536x1272.jpg 1536w, https:\/\/borkgroup.cl\/wp-content\/uploads\/2024\/11\/r-architecture-mHJiuZx2b8M-unsplash-2048x1696.jpg 2048w\" sizes=\"auto, (max-width: 1024px) 100vw, 1024px\" \/><\/figure>\n\n\n\n<figure class=\"wp-block-image size-large\"><img loading=\"lazy\" decoding=\"async\" width=\"1024\" height=\"680\" data-id=\"735\" src=\"https:\/\/borkgroup.cl\/wp-content\/uploads\/2024\/11\/steven-ungermann-aRT5UCf2MYY-unsplash-1024x680.jpg\" alt=\"\" class=\"wp-image-735\" srcset=\"https:\/\/borkgroup.cl\/wp-content\/uploads\/2024\/11\/steven-ungermann-aRT5UCf2MYY-unsplash-1024x680.jpg 1024w, https:\/\/borkgroup.cl\/wp-content\/uploads\/2024\/11\/steven-ungermann-aRT5UCf2MYY-unsplash-300x199.jpg 300w, https:\/\/borkgroup.cl\/wp-content\/uploads\/2024\/11\/steven-ungermann-aRT5UCf2MYY-unsplash-768x510.jpg 768w, https:\/\/borkgroup.cl\/wp-content\/uploads\/2024\/11\/steven-ungermann-aRT5UCf2MYY-unsplash-1536x1020.jpg 1536w, https:\/\/borkgroup.cl\/wp-content\/uploads\/2024\/11\/steven-ungermann-aRT5UCf2MYY-unsplash-2048x1360.jpg 2048w\" sizes=\"auto, (max-width: 1024px) 100vw, 1024px\" \/><\/figure>\n\n\n\n<figure class=\"wp-block-image size-large\"><img loading=\"lazy\" decoding=\"async\" width=\"1024\" height=\"683\" data-id=\"737\" src=\"https:\/\/borkgroup.cl\/wp-content\/uploads\/2024\/11\/DSC_0065-1024x683.jpg\" alt=\"\" class=\"wp-image-737\" srcset=\"https:\/\/borkgroup.cl\/wp-content\/uploads\/2024\/11\/DSC_0065-1024x683.jpg 1024w, https:\/\/borkgroup.cl\/wp-content\/uploads\/2024\/11\/DSC_0065-300x200.jpg 300w, https:\/\/borkgroup.cl\/wp-content\/uploads\/2024\/11\/DSC_0065-768x512.jpg 768w, https:\/\/borkgroup.cl\/wp-content\/uploads\/2024\/11\/DSC_0065-1536x1024.jpg 1536w, https:\/\/borkgroup.cl\/wp-content\/uploads\/2024\/11\/DSC_0065-2048x1365.jpg 2048w\" sizes=\"auto, (max-width: 1024px) 100vw, 1024px\" \/><\/figure>\n<\/figure>\n\n\n\n<p class=\"has-text-align-center has-large-font-size\"><mark style=\"background-color:rgba(0, 0, 0, 0)\" class=\"has-inline-color has-white-color\"><strong>Empresas y Locales Comerciales.<\/strong><\/mark><\/p>\n","protected":false},"excerpt":{"rendered":"<p>En BorkGroup, estamos comprometidos con la excelencia en la construcci\u00f3n. Nuestro equipo de profesionales altamente [&hellip;]<\/p>\n","protected":false},"author":1,"featured_media":0,"parent":0,"menu_order":2,"comment_status":"closed","ping_status":"closed","template":"","meta":{"_joinchat":[],"footnotes":""},"class_list":["post-12","page","type-page","status-publish","hentry"],"_links":{"self":[{"href":"https:\/\/borkgroup.cl\/index.php\/wp-json\/wp\/v2\/pages\/12","targetHints":{"allow":["GET"]}}],"collection":[{"href":"https:\/\/borkgroup.cl\/index.php\/wp-json\/wp\/v2\/pages"}],"about":[{"href":"https:\/\/borkgroup.cl\/index.php\/wp-json\/wp\/v2\/types\/page"}],"author":[{"embeddable":true,"href":"https:\/\/borkgroup.cl\/index.php\/wp-json\/wp\/v2\/users\/1"}],"replies":[{"embeddable":true,"href":"https:\/\/borkgroup.cl\/index.php\/wp-json\/wp\/v2\/comments?post=12"}],"version-history":[{"count":14,"href":"https:\/\/borkgroup.cl\/index.php\/wp-json\/wp\/v2\/pages\/12\/revisions"}],"predecessor-version":[{"id":738,"href":"https:\/\/borkgroup.cl\/index.php\/wp-json\/wp\/v2\/pages\/12\/revisions\/738"}],"wp:attachment":[{"href":"https:\/\/borkgroup.cl\/index.php\/wp-json\/wp\/v2\/media?parent=12"}],"curies":[{"name":"wp","href":"https:\/\/api.w.org\/{rel}","templated":true}]}}